{"id":116,"date":"2017-07-25T16:56:23","date_gmt":"2017-07-25T14:56:23","guid":{"rendered":"http:\/\/sistercities-stade.de\/?page_id=116"},"modified":"2019-11-01T15:01:29","modified_gmt":"2019-11-01T14:01:29","slug":"home","status":"publish","type":"page","link":"http:\/\/sistercities-stade.de\/","title":{"rendered":""},"content":{"rendered":"\n<p style=\"font-size:24px\"><strong>Was ist Sister Cities?<\/strong><\/p>\n\n\n\n<p><em> A sister city, county, or state relationship is a broad-based,    long-term partnership between two communities in two countries. A    relationship is officially recognized after the highest elected or    appointed official from both communities sign off on an agreement to    become sister cities.  <\/em><\/p>\n\n\n\n<p>Eine St\u00e4dte-, Kreis- oder Landes-Partnerschaft ist eine breite, langfristige Partnerschaft zwischen zwei Gemeinden in zwei L\u00e4ndern. Eine Partnerschaft ist offiziell nach dem die h\u00f6chsten gew\u00e4hlten oder bestimmten Mandatstr\u00e4ger beider Gemeinden ein beiderseitiges Abkommen abgeschlossen haben.<\/p>\n\n\n\n<p><em> A city may have any number of sister cities, with community  involvement  ranging from a half dozen to hundreds of volunteers. In  addition to  volunteers, sister city organizations can include  representatives from  nonprofits, municipal governments, the private  sector, and other civic  organizations. <\/em><\/p>\n\n\n\n<p>Eine Stadt kann Partnerschaften zu einer Vielzahl von St\u00e4dten und Gemeinden unter der Beteiligung hunderter Ehrenamtlicher unterhalten. Zus\u00e4tzlich zu den Ehrenamtlichen, k\u00f6nnen die Partnerschaften Repr\u00e4sentanten von Nonprofit-Organisationen, kommunalen Beh\u00f6rden, der Privatwirtschaft und anderen gesellschaftlichen Organisationen.<\/p>\n\n\n\n<p><em>Each sister city organization is independent and pursues the  activities  and thematic areas that are important to them and their  community  including municipal, business, trade, educational, and  cultural <\/em><a href=\"https:\/\/sistercities.org\/exchanges\/\"><em>exchanges and projects<\/em><\/a><em> with their sister city. <\/em><\/p>\n\n\n\n<p>Jede Sister Cities Organisation ist unabh\u00e4ngig und verfolgt mit ihrer Partnerorganisation Aktivit\u00e4ten und Themen, die f\u00fcr deren Wirtschaft, Gewerbe, Bildung, kulturellen Austausch und Projekte wichtig sind. <\/p>\n\n\n\n<p>Copyright \u00a9 2019 Sister Cities International <\/p>\n","protected":false},"excerpt":{"rendered":"<p>Was ist Sister Cities? A sister city, county, or state relationship is a broad-based, long-term partnership between two communities in two countries. A relationship is officially recognized after the highest elected or appointed official from both communities sign off on an agreement to become sister cities. Eine St\u00e4dte-, Kreis- oder Landes-Partnerschaft ist eine breite, langfristige<\/p>\n<p class=\"more-link\"><a href=\"http:\/\/sistercities-stade.de\/\" class=\"themebutton\">Read More<\/a><\/p>\n","protected":false},"author":1,"featured_media":0,"parent":0,"menu_order":0,"comment_status":"closed","ping_status":"closed","template":"","meta":[],"_links":{"self":[{"href":"http:\/\/sistercities-stade.de\/index.php?rest_route=\/wp\/v2\/pages\/116"}],"collection":[{"href":"http:\/\/sistercities-stade.de\/index.php?rest_route=\/wp\/v2\/pages"}],"about":[{"href":"http:\/\/sistercities-stade.de\/index.php?rest_route=\/wp\/v2\/types\/page"}],"author":[{"embeddable":true,"href":"http:\/\/sistercities-stade.de\/index.php?rest_route=\/wp\/v2\/users\/1"}],"replies":[{"embeddable":true,"href":"http:\/\/sistercities-stade.de\/index.php?rest_route=%2Fwp%2Fv2%2Fcomments&post=116"}],"version-history":[{"count":27,"href":"http:\/\/sistercities-stade.de\/index.php?rest_route=\/wp\/v2\/pages\/116\/revisions"}],"predecessor-version":[{"id":395,"href":"http:\/\/sistercities-stade.de\/index.php?rest_route=\/wp\/v2\/pages\/116\/revisions\/395"}],"wp:attachment":[{"href":"http:\/\/sistercities-stade.de\/index.php?rest_route=%2Fwp%2Fv2%2Fmedia&parent=116"}],"curies":[{"name":"wp","href":"https:\/\/api.w.org\/{rel}","templated":true}]}}